ainder when 60968336 is divided by 90?
86
What is the remainder when 192968 is divided by 472?
392
What is the remainder when 1182926217 is divided by 4570?
4567
What is the remainder when 517382 is divided by 86213?
104
Calculate the remainder when 84319393 is divided by 3285.
13
Calculate the remainder when 60703918 is divided by 5310.
5308
Calculate the remainder when 95319032 is divided by 35.
32
What is the remainder when 2553017 is divided by 39?
38
What is the remainder when 1789481 is divided by 1462?
1455
What is the remainder when 270392 is divided by 90089?
125
What is the remainder when 152850524 is divided by 25475084?
20
Calculate the remainder when 32781848 is divided by 41080.
8
What is the remainder when 377224 is divided by 3734?
90
What is the remainder when 1764118 is divided by 352822?
8
Calculate the remainder when 991127 is divided by 18020.
27
Calculate the remainder when 180131 is divided by 4419.
3371
What is the remainder when 999471 is divided by 12980?
11
What is the remainder when 261711 is divided by 53?
50
What is the remainder when 153358832 is divided by 1293?
1274
What is the remainder when 5988152 is divided by 31683?
65
What is the remainder when 31309 is divided by 149?
19
Calculate the remainder when 234147 is divided by 1084.
3
What is the remainder when 256710734 is divided by 27?
26
What is the remainder when 143151 is divided by 15901?
42
Calculate the remainder when 5404491 is divided by 62119.
138
Calculate the remainder when 10542259 is divided by 7815.
7639
What is the remainder when 16532392 is divided by 295221?
16
What is the remainder when 172710 is divided by 10785?
150
What is the remainder when 1876896 is divided by 1766?
1404
Calculate the remainder when 21162841 is divided by 2517.
2422
Calculate the remainder when 4190627 is divided by 494.
25
What is the remainder when 556191 is divided by 6?
3
What is the remainder when 3017398 is divided by 1161?
1120
Calculate the remainder when 5290758 is divided by 33.
0
What is the remainder when 24127170 is divided by 21?
18
What is the remainder when 1262888 is divided by 28063?
53
Calculate the remainder when 20276096 is divided by 2687.
2681
What is the remainder when 4811414 is divided by 2405314?
786
Calculate the remainder when 5466988 is divided by 201.
190
What is the remainder when 34286822 is divided by 1118?
1116
What is the remainder when 7435084 is divided by 329?
13
Calculate the remainder when 3290873 is divided by 37826.
11
Calculate the remainder when 78726743 is divided by 10633.
11
Calculate the remainder when 4505291 is divided by 3303.
3302
What is the remainder when 11103966 is divided by 304?
62
What is the remainder when 1945977614 is divided by 11056?
11054
What is the remainder when 5006413 is divided by 2031?
2029
What is the remainder when 40966 is divided by 4117?
3913
Calculate the remainder when 63680 is divided by 15114.
3224
Calculate the remainder when 23076705 is divided by 11.
3
Calculate the remainder when 1331180 is divided by 208.
188
Calculate the remainder when 83895 is divided by 2150.
45
Calculate the remainder when 4813 is divided by 1407.
592
What is the remainder when 14645180 is divided by 765?
20
What is the remainder when 597852 is divided by 60?
12
Calculate the remainder when 27680928 is divided by 108.
96
What is the remainder when 64270 is divided by 3697?
1421
What is the remainder when 43954553 is divided by 17?
16
Calculate the remainder when 13657 is divided by 13611.
46
What is the remainder when 1700639 is divided by 566551?
986
Calculate the remainder when 1558950 is divided by 512.
422
Calculate the remainder when 30256370 is divided by 948.
2
Calculate the remainder when 224476 is divided by 27989.
564
Calculate the remainder when 31746 is divided by 3267.
2343
Calculate the remainder when 142629175 is divided by 1076.
1071
What is the remainder when 16183780 is divided by 1798196?
16
What is the remainder when 991018 is divided by 410?
48
What is the remainder when 250306 is divided by 250236?
70
Calculate the remainder when 17437619 is divided by 658.
619
What is the remainder when 3773832 is divided by 16698?
84
Calculate the remainder when 104012 is divided by 591.
587
What is the remainder when 59629945 is divided by 83?
6
What is the remainder when 26035998 is divided by 8678664?
6
Calculate the remainder when 100943 is divided by 2973.
2834
What is the remainder when 163370 is divided by 32648?
130
Calculate the remainder when 14412067 is divided by 27.
7
What is the remainder when 32216 is divided by 31768?
448
Calculate the remainder when 3541414 is divided by 1428.
1402
What is the remainder when 2009574 is divided by 517?
512
What is the remainder when 7044452 is divided by 37076?
12
Calculate the remainder when 1722669 is divided by 1616.
13
What is the remainder when 3879714 is divided by 876?
786
What is the remainder when 3241308 is divided by 66149?
7
Calculate the remainder when 56705916 is divided by 18901968.
12
What is the remainder when 183027 is divided by 2205?
12
Calculate the remainder when 682370207 is divided by 1541.
1538
What is the remainder when 18093538 is divided by 172?
170
Calculate the remainder when 1324928 is divided by 569.
296
Calculate the remainder when 1577176589 is divided by 1345.
1344
Calculate the remainder when 12580 is divided by 2725.
1680
Calculate the remainder when 320203 is divided by 13334.
187
What is the remainder when 151266 is divided by 151238?
28
Calculate the remainder when 35827588 is divided by 28708.
4
What is the remainder when 396757 is divided by 395961?
796
What is the remainder when 523215 is divided by 261583?
49
Calculate the remainder when 1014356 is divided by 28.
0
What is the remainder when 2789 is divided by 696?
5
What is the remainder when 6082 is divided by 372?
130
Calculate the remainder when 1028170 is divided by 21407.
634
What is the remainder when 158413 is divided by 885?
883
What is the remainder when 5385007 is divided by 119666?
37
What is the remainder when 356709 is divided by 2098?
49
Calculate the remainder when 303086998 is divided by 4627.
4617
Calculate the remainder when 12231499 is divided by 88634.
7
What is the remainder when 398533 is divided by 2826?
67
Calculate the remainder when 843128 is divided by 10282.
4
What is the remainder when 66766 is divided by 48?
46
What is the remainder when 4936575 is divided by 28?
7
What is the remainder when 1670921 is divided by 835435?
51
What is the remainder when 87829 is divided by 11522?
7175
What is the remainder when 83484 is divided by 12458?
8736
Calculate the remainder when 13504401 is divided by 113.
110
Calculate the remainder when 26194633 is divided by 767.
49
Calculate the remainder when 4776718 is divided by 36185.
298
What is the remainder when 1859658 is divided by 58?
4
Calculate the remainder when 1924376 is divided by 906.
32
Calculate the remainder when 5416248 is divided by 791.
271
Calculate the remainder when 30972269 is divided by 6171.
20
What is the remainder when 1608903 is divided by 6997?
6590
What is the remainder when 43558536 is divided by 23?
9
Calculate the remainder when 1720155 is divided by 1720126.
29
Calculate the remainder when 1651593 is divided by 352.
9
Calculate the remainder when 3410 is divided by 733.
478
Calculate the remainder when 113001127 is divided by 14562.
7
Calculate the remainder when 236318 is divided by 602.
334
Calculate the remainder when 13098576 is divided by 2183094.
12
Calculate the remainder when 64525679 is divided by 108.
107
Calculate the remainder when 441288 is divided by 8023.
23
What is the remainder when 201829 is divided by 4383?
211
What is the remainder when 5189903 is divided by 368?
367
What is the remainder when 208914 is divided by 461?
81
What is the remainder when 119410413 is divided by 3156?
3153
What is the remainder when 6128946 is divided by 934?
38
What is the remainder when 61020 is divided by 508?
60
What is the remainder when 423211754 is divided by 22?
20
Calculate the remainder when 47048 is divided by 14395.
3863
What is the remainder when 259210 is divided by 77?
28
What is the remainder when 120794 is divided by 1248?
986
Calculate the remainder